f 6157335?
True
Is 5812 a multiple of 186?
False
Is 30 a factor of 3368610?
True
Is 603044 a multiple of 162?
False
Is 58 a factor of 50402?
True
Is 38 a factor of 11609342?
True
Is 1574200 a multiple of 12?
False
Does 82 divide 2047540?
True
Does 130 divide 6610843?
False
Is 9 a factor of 296837?
False
Does 13 divide 522678?
True
Is 35374290 a multiple of 21?
True
Is 149907 a multiple of 107?
True
Is 83846 a multiple of 53?
True
Is 492 a factor of 2127883?
False
Is 425055 a multiple of 215?
True
Is 6548398 a multiple of 948?
False
Is 52344 even?
True
Is 162 a factor of 3521070?
True
Is 48 a factor of 93936?
True
Is 190 a factor of 4774510?
True
Is 1350 a factor of 10567800?
True
Is 4508051 a multiple of 274?
False
Is 10 a factor of 42870?
True
Is 825 a factor of 293613?
False
Does 13 divide 863835?
False
Does 9 divide 1483114?
False
Is 170 a factor of 62730?
True
Does 4 divide 2178104?
True
Is 27 a factor of 93022?
False
Is 4 a factor of 767729?
False
Is 2715856 a multiple of 1187?
True
Is 18 a factor of 10184?
False
Does 16 divide 6036075?
False
Does 76 divide 128592?
True
Is 82804 even?
True
Is 337673 a multiple of 13?
False
Is 722970 a multiple of 6?
True
Does 7 divide 15414063?
True
Does 33 divide 36375?
False
Does 94 divide 1525432?
True
Is 10990536 a multiple of 29?
True
Does 17 divide 2358138?
True
Is 200 a factor of 12200?
True
Is 572 a factor of 1126840?
True
Does 398 divide 2417653?
False
Is 182 a factor of 942032?
True
Is 33 a factor of 394753?
False
Is 21 a factor of 1596?
True
Does 95 divide 2063696?
False
Is 40 a factor of 111040?
True
Is 6 a factor of 132635?
False
Is 224 a factor of 275296?
True
Is 41 a factor of 199014?
True
Does 26 divide 826150?
True
Is 224 a factor of 74816?
True
Does 13 divide 144839?
False
Does 50 divide 1799598?
False
Does 9 divide 4192434?
True
Is 3 a factor of 47856?
True
Is 118080 a multiple of 410?
True
Is 2092582 a multiple of 58?
True
Is 179943 a multiple of 208?
False
Is 6318942 a multiple of 40?
False
Does 301 divide 643237?
True
Does 11 divide 161986?
True
Is 1193316 a multiple of 277?
True
Is 1113825 a multiple of 30?
False
Is 18 a factor of 277992?
True
Does 7 divide 326628?
False
Is 543449 a multiple of 11?
False
Is 365 a factor of 1237715?
True
Does 2003 divide 25438230?
False
Is 1216256 a multiple of 10?
False
Does 8 divide 3937406?
False
Is 677325 a multiple of 165?
True
Does 840 divide 568182?
False
Does 78 divide 13244946?
True
Is 3332238 a multiple of 442?
True
Does 87 divide 724014?
True
Does 40 divide 5753134?
False
Does 49 divide 5425819?
True
Is 1494696 a multiple of 246?
True
Is 178032 a multiple of 12?
True
Does 7 divide 123578?
True
Does 59 divide 306995?
False
Is 3078 a factor of 20102418?
True
Is 4614486 a multiple of 23?
False
Is 827040 a multiple of 21?
False
Is 21 a factor of 959238?
True
Is 118935 a multiple of 9?
True
Is 59000 a multiple of 25?
True
Is 536941 a multiple of 214?
False
Does 35 divide 319900?
True
Is 17 a factor of 23412613?
False
Does 12 divide 87588?
True
Is 266 a factor of 12393738?
True
Is 545887 a multiple of 11?
False
Does 25 divide 294250?
True
Is 80003 a multiple of 7?
True
Does 186 divide 3590073?
False
Does 429 divide 1328613?
True
Does 66 divide 295878?
True
Is 47 a factor of 241815?
True
Is 18532077 a multiple of 11?
False
Is 3994998 a multiple of 14?
True
Is 9 a factor of 195120?
True
Is 41 a factor of 773875?
True
Is 466004 a multiple of 308?
True
Is 19 a factor of 21830?
False
Does 19 divide 1034322?
True
Is 27 a factor of 2041604?
False
Is 85092 a multiple of 355?
False
Is 292 a factor of 57070?
False
Is 4700 a multiple of 5?
True
Is 422070 a multiple of 500?
False
Does 181 divide 31132?
True
Is 2 a factor of 3077193?
False
Does 128 divide 5910400?
True
Does 591 divide 974559?
True
Is 22 a factor of 2181080?
True
Is 17 a factor of 14450?
True
Does 408 divide 6595265?
False
Is 2897 a multiple of 3?
False
Does 264 divide 290031?
False
Does 78 divide 5618496?
True
Is 1543962 a multiple of 723?
False
Does 94 divide 101802?
True
Is 5785164 a multiple of 18?
True
Is 45 a factor of 1743978?
False
Is 5126379 a multiple of 6?
False
Is 320512 a multiple of 512?
True
Is 239246 a multiple of 124?
False
Does 512 divide 1288192?
True
Is 6213 a multiple of 6?
False
Is 149 a factor of 138123?
True
Does 73 divide 110990?
False
Is 929 a factor of 3583409?
False
Is 8 a factor of 68110?
False
Is 195 a factor of 1037010?
True
Does 40 divide 434560?
True
Is 368 a factor of 3116224?
True
Is 349792 a multiple of 7?
False
Does 8 divide 219008?
True
Is 64 a factor of 53760?
True
Is 251307 a multiple of 436?
False
Does 26 divide 643495?
False
Does 15 divide 17895?
True
Is 5 a factor of 7297?
False
Is 1071816 a multiple of 296?
True
Is 11 a factor of 1063480?
True
Is 24 a factor of 359718?
False
Is 2 a factor of 875275?
False
Is 49851 a multiple of 115?
False
Is 693471 a multiple of 611?
False
Does 15 divide 2574119?
False
Is 17 a factor of 2785654?
True
Does 261 divide 29232?
True
Is 784311 a multiple of 248?
False
Is 52 a factor of 10042968?
True
Does 9 divide 6565815?
True
Is 13005157 a multiple of 44?
False
Does 193 divide 1262799?
True
Is 45 a factor of 26711?
False
Is 1625592 a multiple of 39?
False
Is 10493869 a multiple of 241?
False
Does 14 divide 299936?
True
Is 224236 a multiple of 4?
True
Is 6 a factor of 34763?
False
Is 795663 a multiple of 423?
True
Is 2309945 a multiple of 55?
True
Is 235029 a multiple of 471?
True
Is 4 a factor of 272262?
False
Does 9 divide 2214540?
True
Is 53 a factor of 63612?
False
Is 11573 a multiple of 163?
True
Is 403906 a multiple of 230?
False
Does 56 divide 548128?
True
Does 59 divide 83856?
False
Does 6 divide 38868?
True
Is 812 a factor of 783189?
False
Is 5 a factor of 69745?
True
Is 6161973 a multiple of 629?
False
Does 1537 divide 2683799?
False
Is 540621 a multiple of 50?
False
Is 195503 a multiple of 10?
False
Does 32 divide 843688?
False
Is 11 a factor of 161315?
True
Does 138 divide 442152?
True
Is 7 a factor of 1947235?
False
Does 22 divide 4512409?
False
Is 4 a factor of 1457724?
True
Does 642 divide 15637194?
True
Is 362970 a multiple of 10?
True
Is 10418928 a multiple of 283?
True
Is 599708 a multiple of 693?
False
Is 23198323 a multiple of 11?
False
Is 17159256 a multiple of 51?
True
Does 19 divide 258283?
False
Is 184 a factor of 811072?
True
Is 612181 a multiple of 43?
False
Is 831909 a multiple of 83?
True
Is 1325093 a multiple of 373?
False
Does 94 divide 1541976?
True
Is 418230 a multiple of 18?
True
Is 80 a factor of 130880?
True
Does 105 divide 757365?
True
Is 75 a factor of 2150400?
True
Is 54 a factor of 2718360?
True
Is 27 a factor of 1202959?
False
Does 9 divide 4526626?
False
Is 52 a factor of 2746224?
True
Does 6 divide 1403518?
False
Is 270855 a multiple of 65?
True
Is 8578490 a multiple of 9?
False
Is 43 a factor of 7791379?
False
Is 180 a factor of 314390?
False
Does 67 divide 22771357?
True
Is 901 a multiple of 2?
False
Is 169 a factor of 307580?
True
Is 14348168 a multiple of 1048?
True
Is 31 a factor of 176762?
True
Does 16 divide 824613?
False
Is 61884 a multiple of 108?
True
Does 9 divide 7191?
True
Does 8 divide 279374?
False
Does 262 divide 4447188?
True
Is 306480 a multiple of 10?
True
Is 631 a factor of 55528?
True
Is 10 a factor of 447430?
True
Does 10 divide 158090?
True
Is 5350020 a multiple of 281?
False
Does 20 divide 14694511?
False
Is 662 a factor of 5999443?
False
Does 10 divide 5823800?
True
Does 87 divide 182265?
True
Is 7 a factor of 369740?
True
Is 8064372 a multiple of 1197?
False
Is 4434917 a multiple of 509?
True
Does 156 divide 3900?
True
Is 8677309 a multiple of 8?
False
Is 2 a factor of 4774?
True
Is 9838248 a multiple of 24?
True
Is 10 a factor of 497569?
False
Is 5 a factor of 58080?
True
Is 212 a factor of 140361?
False
Does 764 divide 2757020?
False
Is 183 a factor of 85827?
True
Does 684 divide 19939555?
False
Is 50 a factor of 2004690?
False
Is 332717 a multiple of 319?
True
Is 5108415 a multiple of 39?
True
Does 85 divide 15045?
True
Is 563903 a multiple of 36?
False
Is 71170 a multiple of 22?
True
Is 907524 a multiple of 108?
True
Is 296514 a multiple of 513?
True
Does 22 divide 3535598?
True
Is 41 a factor of 269939?
False
Does 500 divide 6242500?
True
Is 33